 = 52 - 34. Calculate the greatest common divisor of o and c.
9
Let i = -27 - -31. Suppose -5*x + x + 56 = 2*n, i*n - 100 = -4*x. Suppose -2*z - 2*z + 968 = 0. What is the highest common divisor of z and n?
22
Let b(i) = -i + 12. Let v be b(8). Suppose -v = j - 7. Let c be (3/(-6))/((-1)/24). What is the greatest common divisor of c and j?
3
Let j = 11 - 8. Let a(v) = 2*v**3 + 19*v**2 + 5*v - 12. Let b be a(-9). What is the greatest common factor of j and b?
3
Suppose -4*j = -4, 3*j = t + 3*t - 13. Calculate the highest common factor of t and 20.
4
Let s be -3 + (-1)/((-3)/(-15)). Let j(t) = t**2 + 7*t + 18. Let q be j(s). Calculate the highest common divisor of q and 39.
13
Let z be (104/(-2)*3/(-2))/2. Calculate the highest common factor of z and 312.
39
Suppose -10 = 4*f + 3*s - 301, 0 = 3*f - 3*s - 234. What is the highest common divisor of 30 and f?
15
Let a(h) = 3*h**2 - 5*h - 1. Let z be a(4). Suppose -4*c = -79 + 7. What is the highest common factor of z and c?
9
Let r = 0 + 0. Suppose 3*w = -u - w - 11, -w = -u + 4. Let a = r + u. Calculate the highest common factor of 8 and a.
1
Let k(v) = 2*v + 13. Let d(b) = -b**2 - 5*b + 4. Let i be d(-5). Let c be k(i). Calculate the greatest common factor of 21 and c.
21
Suppose 3*m + 2*m + 3*j = 0, -m = -4*j - 23. Let b be (m/(-2) + 2)*20. Calculate the highest common divisor of b and 40.
10
Suppose -3*q = 5*d - 11, -5*q + 3*d + 6 = -1. Suppose 4*l + z - 8 = q*z, 4*l + z - 16 = 0. Suppose -c = -7 - l. What is the highest common factor of c and 50?
10
Let z be 69/9 - (-2)/6. Suppose -5*s + z = 48. Let m be 2*s*(-12)/16. What is the greatest common divisor of 24 and m?
12
Suppose -5*l - 5*j - 21 = -2*j, -5*j = -l + 7. Let s = 3 - l. What is the greatest common factor of s and 9?
3
Let f(w) = -w. Let s be f(-5). Let k be (3 - 52/20)*5. Suppose -50 = -5*v + s*x, 3*v + 4*x + 5 = k*v. What is the highest common divisor of v and 1?
1
Suppose -n - 3*x = -33, -56 + 23 = -n + 4*x. What is the greatest common factor of 22 and n?
11
Suppose 0 = -5*r + 22 + 113. What is the highest common factor of 18 and r?
9
Suppose 2*s + 14 - 228 = 3*h, -4*s + 5*h = -424. Suppose -79 - s = -4*q. Let p = q + -17. Calculate the greatest common divisor of 14 and p.
14
Let c be (-5 - 10)*4/6. Let n be 88/5 - 4/c. What is the greatest common factor of 45 and n?
9
Let u = 8 + -1. Suppose 0 = -u*b + 2*b + 200. Let t = -4 + 9. What is the highest common divisor of b and t?
5
Suppose -2*i + 3*i = 4. Suppose -5*v = i*c - 15, -2*c + 5*c + 15 = 5*v. Suppose 196 = 5*u - v*u. Calculate the highest common factor of u and 14.
14
Let b be (-6 + (-3 - -6))*-84. Suppose -717 = -3*w - b. Suppose 0*j = -5*s + j + w, 3*s - 5*j = 115. Calculate the highest common divisor of s and 10.
10
Suppose 21 = -n + 7*o - 3*o, -3*n + 4*o - 31 = 0. Let b = n - -13. Calculate the highest common factor of 56 and b.
8
Let s be (106/(-4))/(6/(-12)). Let m = 105 - s. What is the greatest common divisor of m and 13?
13
Suppose 5*j - 70 = -2*w + 292, -w - 2*j + 180 = 0. Let h = w - 77. What is the highest common factor of 9 and h?
9
Suppose -4*z + 6 + 41 = -5*m, 30 = 3*z - 2*m. Suppose 19 + z = 3*b. Calculate the greatest common divisor of b and 63.
9
Let i be (5 - 4)*(0 + 6). Suppose 4*c + i - 138 = 0. Calculate the highest common divisor of 11 and c.
11
Let c = -3 - -13. Calculate the highest common factor of c and 80.
10
Suppose 4*l - 1659 = -l + 3*g, -2*l + 3*g + 669 = 0. Suppose 3*s + 2*s + l = 0. Let k be (s/4)/((-6)/32). Calculate the highest common factor of k and 11.
11
Let j be ((-2)/(-6))/((-5)/(-60)). Calculate the greatest common factor of j and 20.
4
Let h(u) = -u**2 + 7*u + 2. Let y be h(7). Let o be 3 + y*(-2)/(-4). Calculate the greatest common factor of o and 28.
4
Suppose 4*p + 3*n = -n - 280, 2*p = 2*n - 156. Let h = p - -140. Calculate the highest common factor of h and 11.
11
Let j(f) = f**3 + 6*f**2 - 4*f - 3. Let s be j(-6). Calculate the highest common divisor of s and 42.
21
Let b be (132/(-9))/((-10)/75). What is the highest common divisor of 22 and b?
22
Suppose 7*s = 2*s + 15. Suppose 3*i = 2*p + 19, i - 19 = -4*i - s*p. Let h = 115 + -70. Calculate the greatest common factor of h and i.
5
Let w(s) = 25*s + 4. Let v be w(2). Calculate the highest common factor of 6 and v.
6
Suppose 5*c = -h + 22 + 12, -5*h - 3*c + 148 = 0. Calculate the greatest common factor of h and 29.
29
Let n = 27 - 29. Let k be (n/4)/(4/(-136)). Calculate the greatest common divisor of 34 and k.
17
Suppose 3 - 87 = -4*k. Suppose 0 = 5*w + 6 - k. Suppose f = -5*m + 36, -23 = -w*f + 3*m + 13. Calculate the highest common factor of f and 2.
2
Let i be 1 + (-1)/2*-286. Calculate the greatest common factor of i and 16.
16
Suppose -195 = -h + 2*m, 8*h - 768 = 4*h + 5*m. Calculate the highest common divisor of 17 and h.
17
Let n(l) = -3*l**2 - 3*l - 2. Let v(j) = 2*j**2 + 3*j + 3. Let m(u) = -3*n(u) - 2*v(u). Let q be m(6). What is the highest common factor of q and 18?
18
Let s be ((-36)/54)/(1/(-36)). Calculate the highest common factor of 24 and s.
24
Let t = 141 + -126. What is the greatest common divisor of t and 15?
15
Suppose 0 = 4*l + l - 10. Suppose -6*s + 2*p = -l*s - 2, 5*s = -2*p + 25. Suppose 9 = -43*j + 46*j. What is the greatest common divisor of j and s?
3
Suppose -6 + 2 = -2*l. Let c = l + 7. Suppose t + 5 = r, -5*r - 5*t = -t - 7. What is the highest common divisor of c and r?
3
Let q(c) = -2*c + 114. Let h be q(36). Calculate the highest common divisor of h and 6.
6
Let d(s) = s**3 + 9*s**2 + 3*s + 8. Suppose 0 = -0*a - 2*a - 3*v - 31, -4*a + 5*v - 7 = 0. Let m be d(a). What is the highest common divisor of m and 120?
24
Suppose 95 = 5*v - 3*y - 2*y, v + 4*y - 14 = 0. Let h = 330 + -168. What is the highest common divisor of v and h?
18
Let n = 22 - 6. Let o = -10 + n. What is the highest common divisor of o and 2?
2
Let g = -21 + 22. Let v be 3 - 1 - (0 + 1). What is the greatest common divisor of g and v?
1
Suppose 0 = -2*o + 4*a + 20, -4*a - 18 = 5*o - 68. Let n be -27*(50/3)/(-5). Calculate the highest common divisor of n and o.
10
Suppose -112 = -5*z + 3*b - b, -2*z = -b - 44. What is the greatest common factor of 16 and z?
8
Let v = -49 - -126. Calculate the greatest common divisor of v and 11.
11
Suppose 0 = -9*t + 4*t + 20. Suppose 5*q - 113 = -3*l, -t*q = -4*l - l - 83. Let b = -14 + q. What is the greatest common divisor of 40 and b?
8
Let u be 2/6 - (-550)/6. Calculate the highest common divisor of 23 and u.
23
Let p = 2336 - 1401. Let l be (-1)/6 + p/66. What is the greatest common factor of 7 and l?
7
Suppose 0 = 3*u + 4*w - 64, 2*u - 2*w = u + 18. Let h = -2 + u. Suppose 4*m = 5*y + 6, -3*y = -4*y + 5*m - h. What is the highest common factor of y and 5?
1
Let o(t) = -t**3 - 3*t**2 + t. Let f be o(-4). What is the greatest common factor of f and 132?
12
Let d(m) = -m**3 + 10*m**2 + 10*m + 15. Let z be d(11). Let o be 1 + (-2)/z*14. Let p = 18 + o. Calculate the greatest common factor of p and 132.
12
Let u(m) = 68*m**2 + m + 1. Let c = 12 + -8. Let d = 3 - c. Let h be u(d). What is the greatest common factor of h and 17?
17
Let r be -3 - 1/((-3)/9). Let m be (4 - r)/((-2)/(-1)). Suppose -79 - 81 = -m*q. Calculate the highest common divisor of q and 10.
10
Let j be (7/2 + -3)*(5 + 1). Calculate the highest common divisor of j and 4.
1
Let i(d) = -d**3 + 13*d**2 - 12*d + 11. Suppose 4*v - 36 = -4*p, p + 4*v - 5*v - 15 = 0. Let c be i(p). What is the highest common divisor of 44 and c?
11
Let u(q) = q**2 + 8*q - 4. Let p be u(-9). Suppose 4*v - 5*h + 36 = 339, 201 = 3*v + p*h. What is the greatest common factor of 48 and v?
24
Let n(i) = i**3 - 5*i**2 + i - 1. Let b be n(5). Suppose -y + 5 = b. Let f(g) = g**2 + 3*g + 1. Let j be f(-4). What is the highest common divisor of j and y?
1
Let h(s) = s**3 + 5*s**2 + 8. Let n be h(-4). Calculate the highest common factor of n and 96.
24
Suppose -11*f + 3*f + 480 = 0. Calculate the highest common divisor of f and 90.
30
Let j be (-14 - 1)*2/(-6). Calculate the greatest common factor of j and 10.
5
Let r = 2 + 2. Suppose 0 = 5*y + r*u - 3 - 2, 0 = -5*u. Suppose 10 = 2*v - 0*v. Calculate the highest common factor of y and v.
1
Suppose o = s - 17, 3*s + 4*o = -0*s + 86. What is the greatest comm